{"id":94,"date":"2018-07-01T10:20:10","date_gmt":"2018-07-01T10:20:10","guid":{"rendered":"https:\/\/educamix.org\/?page_id=94"},"modified":"2025-07-02T05:39:20","modified_gmt":"2025-07-02T05:39:20","slug":"acena-centro-de-formacion","status":"publish","type":"page","link":"https:\/\/educamix.org\/index.php\/acena-centro-de-formacion\/","title":{"rendered":"ACENA Centro de Formaci\u00f3n"},"content":{"rendered":"\n<figure class=\"wp-block-image size-full\"><img loading=\"lazy\" decoding=\"async\" width=\"915\" height=\"169\" src=\"https:\/\/educamix.org\/wp-content\/uploads\/2025\/07\/ACENA.png\" alt=\"\" class=\"wp-image-163\" srcset=\"https:\/\/educamix.org\/wp-content\/uploads\/2025\/07\/ACENA.png 915w, https:\/\/educamix.org\/wp-content\/uploads\/2025\/07\/ACENA-300x55.png 300w, https:\/\/educamix.org\/wp-content\/uploads\/2025\/07\/ACENA-768x142.png 768w\" sizes=\"auto, (max-width: 767px) 89vw, (max-width: 1000px) 54vw, (max-width: 1071px) 543px, 580px\" \/><\/figure>\n\n\n\n<p>ACENA Centro de Formaci\u00f3n es una ACENA sociedad legalmente constituida Registro Mercantil de M\u00e1laga en 26.08.92, hoja MA-7975, folio 121, tomo 1277, libro 190, secci\u00f3n general inscripci\u00f3n 1\u00ba, CIF- B 29578739, con 38 a\u00f1os de actividad en el \u00e1rea educativa espa\u00f1ol y pioneros en impartir formaci\u00f3n online en idioma espa\u00f1ol.<\/p>\n\n\n\n<p>ACENA es un centro privado de Ense\u00f1anza Profesional conforme al Art. 24.1 de la Ley Org\u00e1nica 1\/1990 de 3 de Octubre de ordenaci\u00f3n general del Sistema Educativo quedando sometida al derecho com\u00fan.<\/p>\n\n\n\n<p><strong>URL: <\/strong><a href=\"https:\/\/www.acena.net\" target=\"_blank\" rel=\"noopener\">https:\/\/www.acena.net<\/a><br><strong>Contacto:<\/strong> <a href=\"http:\/\/www.acena.net\/?page_id=19\" target=\"_blank\" rel=\"noopener\">http:\/\/www.acena.net\/?page_id=19<\/a><\/p>\n\n\n\n<p><\/p>\n","protected":false},"excerpt":{"rendered":"<p>ACENA Centro de Formaci\u00f3n es una ACENA sociedad legalmente constituida Registro Mercantil de M\u00e1laga en 26.08.92, hoja MA-7975, folio 121, tomo 1277, libro 190, secci\u00f3n general inscripci\u00f3n 1\u00ba, CIF- B 29578739, con 38 a\u00f1os de actividad en el \u00e1rea educativa espa\u00f1ol y pioneros en impartir formaci\u00f3n online en idioma espa\u00f1ol. ACENA es un centro privado &hellip; <\/p>\n<p class=\"link-more\"><a href=\"https:\/\/educamix.org\/index.php\/acena-centro-de-formacion\/\" class=\"more-link\">Continuar leyendo<span class=\"screen-reader-text\"> \u00abACENA Centro de Formaci\u00f3n\u00bb<\/span><\/a><\/p>\n","protected":false},"author":1,"featured_media":171,"parent":0,"menu_order":0,"comment_status":"closed","ping_status":"closed","template":"","meta":{"footnotes":""},"class_list":["post-94","page","type-page","status-publish","has-post-thumbnail","hentry"],"_links":{"self":[{"href":"https:\/\/educamix.org\/index.php\/wp-json\/wp\/v2\/pages\/94","targetHints":{"allow":["GET"]}}],"collection":[{"href":"https:\/\/educamix.org\/index.php\/wp-json\/wp\/v2\/pages"}],"about":[{"href":"https:\/\/educamix.org\/index.php\/wp-json\/wp\/v2\/types\/page"}],"author":[{"embeddable":true,"href":"https:\/\/educamix.org\/index.php\/wp-json\/wp\/v2\/users\/1"}],"replies":[{"embeddable":true,"href":"https:\/\/educamix.org\/index.php\/wp-json\/wp\/v2\/comments?post=94"}],"version-history":[{"count":4,"href":"https:\/\/educamix.org\/index.php\/wp-json\/wp\/v2\/pages\/94\/revisions"}],"predecessor-version":[{"id":164,"href":"https:\/\/educamix.org\/index.php\/wp-json\/wp\/v2\/pages\/94\/revisions\/164"}],"wp:featuredmedia":[{"embeddable":true,"href":"https:\/\/educamix.org\/index.php\/wp-json\/wp\/v2\/media\/171"}],"wp:attachment":[{"href":"https:\/\/educamix.org\/index.php\/wp-json\/wp\/v2\/media?parent=94"}],"curies":[{"name":"wp","href":"https:\/\/api.w.org\/{rel}","templated":true}]}}